u(b) = -2 - 7*b + 3*b**3 + b + 8*b**2 - t*b**3. What is u(7)?
5
Let t(b) = b + 2. Let k = 6 + -4. Suppose z + k = -2. What is t(z)?
-2
Let g(t) = -t**2 - 1. Suppose -4*h + 15 = 23. Give g(h).
-5
Let q(s) be the first derivative of -1/2*s**2 - 4*s - 2. Determine q(3).
-7
Let c(q) be the first derivative of -q**3/3 - 3*q**2 - 5*q + 1. Calculate c(-4).
3
Let v(t) be the third derivative of t**6/120 - t**5/30 - t**4/12 + t**3/6 - 2*t**2. What is v(3)?
4
Let j(h) be the first derivative of -2*h**3/3 + h**2/2 - h - 2. What is j(2)?
-7
Let k(p) = -8*p + 2*p**2 + 17*p - 10*p. Determine k(2).
6
Let z(r) = -r**3 + 4*r**2 + r + 3. Let o be ((-4)/3)/((-4)/12). Give z(o).
7
Let b(c) = -2*c**2 + 4*c - 2. Let y(k) = 2*k - 3. Let v(a) = a - 2. Let q(m) = 3*v(m) - 2*y(m). Let d(w) = b(w) + q(w). Determine d(2).
-4
Let b(o) = 2 + 106*o**2 - 105*o**2 + 5*o - 4. Let t(z) = 2*z**2 - z + 2. Let v be t(2). Let h be (18/v)/(6/(-16)). Determine b(h).
4
Let v(a) be the second derivative of a**4/4 - a**3/6 + a. Let j(f) = f**3 - 12*f**2 + 11*f + 1. Let b be j(11). Determine v(b).
2
Let r = -1 - -4. Suppose 0*i = -3*i - r, z + 4*i = -6. Let n be -1 - (5 + (z - -1)). Let f(c) = -c**3 - 5*c**2. What is f(n)?
0
Let x = -7 - -12. Suppose 0 = x*u + 22 + 8. Let m(g) = g**3 + 7*g**2 + 6*g - 1. Calculate m(u).
-1
Suppose 0 = 3*u - 9, -p - 15 - 4 = -3*u. Let w(g) = -g**3 - 9*g**2 + 11*g + 9. Give w(p).
-1
Let b(s) = 5*s**2 + 7*s - 31*s**3 + 0 - 13*s - 7 + 32*s**3. Give b(-6).
-7
Suppose 4*s + 5 + 0 = a, -2*a + s + 3 = 0. Let x(m) = 3*m - 5. Let t(n) = n + 1. Let w(v) = a*t(v) + x(v). Give w(3).
8
Let p(v) be the second derivative of -v**7/168 + v**5/120 - v**3/3 - 5*v. Let j(b) be the second derivative of p(b). What is j(-1)?
4
Let p be ((-18)/(-30))/(1/5). Let i(c) = 2*c**3 - 5*c**2 + 4*c - 3. Give i(p).
18
Suppose 2*u + 2*u = 0. Let c be 0 + (4 - (2 - u)). Let j(m) = -4*m**2 - 2*m - 7. Let o(k) = -3*k**2 - 2*k - 6. Let q(a) = -5*j(a) + 6*o(a). Determine q(c).
3
Let a be (-4)/(-3)*(-9)/(-6). Suppose 0 = a*t - 4 - 8. Suppose 16 = -2*l + t. Let c(z) = -z**2 - 6*z + 3. What is c(l)?
8
Let f(a) = a**3 - 9*a**2 - a - 1. Let y(l) = 6*l - 45. Let v be y(9). Calculate f(v).
-10
Let a(s) = -s**3 + 4*s**2 - 2*s - 1. Let t be a(3). Suppose t*c + 2*c + 3*k = -7, -7 = 2*c + 5*k. Let x(q) = 5*q**2 - 2*q - 1. Calculate x(c).
6
Let g(t) be the second derivative of t**6/12 - t**5/30 + t**3/6 + 2*t**2 - 7*t. Let a(y) be the first derivative of g(y). Calculate a(1).
9
Let w(t) be the first derivative of -t**2 - 11*t + 3. Calculate w(-8).
5
Let o(n) = n**3 + 5*n**2 + n + 7. Let v be o(-5). Suppose -z = u - v, -3*u + z + 11 = 5. Suppose m = u - 0. Let p(b) = b**3 - b**2 + 2*b + 1. What is p(m)?
9
Let f be (-4)/14 + 228/(-84). Let v(p) = -p**2 + 2. Determine v(f).
-7
Let u(o) be the second derivative of -o**4/12 + 2*o**3/3 - 2*o. Let b(g) = -g + 3. Suppose -5*k = -20, -3*c - 3*k + k = -8. Let a be b(c). Calculate u(a).
3
Let a(u) be the second derivative of -u**4/12 + 5*u**3/6 + 9*u. Let j = -11 + 17. What is a(j)?
-6
Let q(b) be the third derivative of -b**5/20 - b**4/12 + b**3/6 + b**2. Let c be 45/35 + (-2)/7. Calculate q(c).
-4
Let j be 0*2/(-4) + 4. Let b = 3 - j. Let c(x) = 4*x + 1. Determine c(b).
-3
Let l(f) be the second derivative of f**3/6 + f**2/2 + 11*f. Determine l(-3).
-2
Let t be -2 - (-3 - -2)*4. Suppose 0 = -h - 3*h + 20. Suppose p + h = t. Let d(a) = a + 1. Calculate d(p).
-2
Suppose -6*u + 5*u = 2, 5*u + 7 = -m. Let y(w) = w - 5 + 1 - 3*w**2 + 2*w**2 + 5. Give y(m).
-5
Let m be (-6)/27 - (-28)/(-36). Let a = -15 - -9. Let r(o) = o - 5. Let k(v) = v - 6. Let y(f) = a*r(f) + 5*k(f). Determine y(m).
1
Let y(l) = -3*l - 4. Let i(w) = 5*w + 1 - 2*w - 2*w. Suppose -18 = -a - 4*v, 0*a + 22 = 3*a + 4*v. Let p(c) = a*y(c) + 7*i(c). Give p(0).
-1
Let l(h) be the first derivative of 2/15*h**5 - 3 + 0*h**4 - 1/6*h**3 - h**2 + 0*h. Let o(u) be the second derivative of l(u). Calculate o(1).
7
Let p(u) = -2*u + 1. Let b(c) = 5*c + 4*c - c - 5*c - 1. Let j(x) = -3*b(x) - 4*p(x). Determine j(-4).
3
Let w = 1 + 3. Let h(g) = 2*g**2 + 10*g - 5. Let k(o) = o**2 + o - 1. Let f(a) = -h(a) + 3*k(a). Calculate f(w).
-10
Suppose -2*x + 4*o + 1 = 5, -3*o = 0. Let c be (-3 - x) + -3 - 1. Let k(n) = n**2 + 5*n - 1. Give k(c).
-1
Let m(q) = -q**2 - 8*q - 9. Let p(v) = -v**3 - v - 2. Let z be p(0). Let r be 11/z + 1/(-2). What is m(r)?
3
Let g(d) = -d**3 + 1 - 2*d + 2*d. Let b(t) = -7*t**3 + 3*t**2 - t + 2. Let q(i) = b(i) - 6*g(i). Determine q(3).
-7
Let k(b) = -b**2 + 5*b + 8. Suppose -5*s + 29 = 9. Suppose -83 - 13 = -s*r - 4*z, 4*z = 3*r - 86. Suppose 4*h = 5*m - r, m = 3*m - 5*h - 7. What is k(m)?
2
Let d(m) = -1 + 3*m**2 - 142*m + 4 + 139*m. Give d(2).
9
Let o be (-2)/(-8) + 1/(-4). Suppose -h - 4*h + 10 = o. Let j = 1 + h. Let u(m) = 2*m**2 - 5*m + 4. Determine u(j).
7
Let j(t) = t**3 + 5*t**2 + 2. Suppose -2*l + 0 = -20. Suppose 0 = -0*c + 2*c + l. Calculate j(c).
2
Let k(r) = 5*r**2 + 10*r + 1. Let j(i) = -i**2 - i. Let s(m) = 6*j(m) + k(m). Calculate s(5).
-4
Let v = -11 + 16. Let y be (-2)/3*(v + -2). Let b(w) = -w**2 + 0*w + 0*w - 2*w. Determine b(y).
0
Let i(g) = -6*g**2 + g**3 + 0*g**3 - 27 + 24 + 4*g. Calculate i(5).
-8
Let g(b) = b**2 - 6*b + 1. Let p be g(6). Let f be p/(1/2*1). Let t(v) = -v**2 + 1 + 9*v**3 - 2*v**f - 11*v**3. Give t(-2).
5
Suppose -5*m = -2*s + 26, 0 = -m + 2*m - 4*s - 2. Let l be 16/m - (-2)/3. Let g(y) = 2*y - 1. Determine g(l).
-5
Let a(v) be the third derivative of -v**5/10 - v**4/24 - 16*v**2. Calculate a(-1).
-5
Let z(j) = -4*j**2 - 9*j - 6. Let c(d) = -7*d**2 - 17*d - 12. Let n(p) = -3*c(p) + 5*z(p). Let a be n(-4). Let m(h) = h - 2. Give m(a).
-4
Let m(i) = -i**3 + 7*i**2 + 2*i - 9. Let d be m(7). Let z = -1 + d. Suppose 0 = -z*p + 3*a - 18, -12 = 2*p - 2*a - a. Let s(c) = c**2 + 5*c + 3. Give s(p).
-3
Suppose b + 0*b = -3. Let a(g) = 6 - 2 - 11 - 3*g + 4. Calculate a(b).
6
Let w(z) be the third derivative of -z**4/24 - z**3/6 - 4*z**2. Let f(i) = i**3 + 10*i**2 + 2. Let c be f(-10). Suppose 1 = -c*p + 9. Calculate w(p).
-5
Let c(z) = -4*z - 2. Let v(a) = -7*a - 5. Let m(t) = -11*c(t) + 6*v(t). Suppose 5*u = 10*u - 30. Calculate m(u).
4
Let q(r) = -r**3 + 3*r**2 + 3*r. Let k be 20/11 - (-4)/22. Let g be -6*(k/(-3) + 0). Give q(g).
-4
Let h = 6 - 12. Let f(u) = u**2 + 4*u - 6. What is f(h)?
6
Let c(b) = 4*b + 1. Let g be -2*1*(3 + -4). Suppose 0 = -q - n - 1, -5*q + 1 = -g*n + 13. What is c(q)?
-7
Let m(c) = 5*c + 5. Let o(l) = l + 1. Let j(p) = -m(p) + 4*o(p). Let s(k) = -4*k - 1. Let x(z) = -3*j(z) + s(z). Determine x(2).
0
Let d(m) = 0*m - m + m + 3*m**2. Let r(x) = x**2. Let a(n) = n**2 + 2*n - 1. Let l(q) = a(q) - 2*r(q). Let c be l(2). Determine d(c).
3
Let u(i) be the second derivative of i**6/120 - i**5/10 + i**4/4 - i**3 + 3*i**2/2 - i. Let s(b) be the first derivative of u(b). Determine s(5).
-1
Suppose 0 = -3*d - 2*d. Suppose 3*v + 2 = 5*v - 2*b, d = 2*v + 3*b + 13. Let i(h) = 3*h. Let o(c) = -21*c. Let a(n) = -15*i(n) - 2*o(n). Calculate a(v).
6
Let b(f) be the first derivative of -f**7/840 - f**6/60 - f**5/24 - f**4/24 + 2*f**3/3 + 2. Let g(o) be the third derivative of b(o). What is g(-5)?
-1
Suppose 3*g + 2*g + 20 = 0. Let z = -4 - g. Suppose z = 2*o - 0*o. Let q(w) = w**3 + w**2 + 7. Give q(o).
7
Let n be (-48)/6 + 4/2. Let y(k) = k**2 + 7*k + 7. Let s be y(n). Let w(i) = -7*i**2 + 2*i - 1. Determine w(s).
-6
Let s(k) be the third derivative of 0*k + 0 - 1/15*k**5 + 0*k**4 - 3*k**2 + 1/2*k**3 - 1/120*k**6. Calculate s(-3).
-6
Let t be -1 - -1 - (0 + -2). Let i(n) = -1 - 5*n - 4 + 4 + n**t. Determine i(4).
-5
Let c(g) = g**3 + 7*g**2 + 5*g. Let s(j) be the second derivative of j**3/6 - 7*j. Let t be s(-6). Determine c(t).
6
Suppose l + 3 = u - 3, 2*u + l = 12. Suppose a + 18 = 2*q, -u*q + 12 = a - 2*q. Let s = 10 + a. Let b(v) = -3*v + 1. Give b(s).
-5
Let y(v) be the third derivative of -7*v**6/120 + v**5/60 + 9*v**2. Give y(1).
-6
Let m(f) = f**3 + 2*f**2 + 3*f. Let o be m(-2). Let n(u) = u**3 + 6*u**2 - 2. Give n(o).
-2
Let n(d) = d**2 - 2*d. Suppose -5*m = 3*x - 0 - 1, 0 = m + 1. What is n(x)?
0
Let h(k) = -k - 1. Let z be (2/(-1))/(-12) + (-148)/24. Give h(z).
5
Let q be (3/(-6))/((-2)/12). Let g(v) = 4*v. Give g(q).
12
Let c(h) be the second 